 r(-3)?
5
Suppose 2*k + 4*o + 9 = -1, 15 = -3*o. Let h(n) = 4 + 5*n**2 - 2 + 3 - n**3 + 1. Give h(k).
6
Let i = 4 + -2. Let n(h) = 1 - 2*h + 4 - i - 2. Give n(-3).
7
Let w be (6/8)/((-2)/8). Let n(o) = 2*o**3. Let m be n(1). Let d(t) = -t + t**m - 2 - 2*t - 2*t**2 - 2. Give d(w).
-4
Suppose r - 2 = -i, 3*i = -5*r + i + 4. Let y(d) = 0*d - 2 + r - d. Suppose m - 2*m = -5. What is y(m)?
-7
Let t(v) be the second derivative of v**3/2 - v**2 + 6*v. Let m be t(-1). Let d(n) = n**3 + 6*n**2 + 7*n + 5. Give d(m).
-5
Let z(a) = -7*a**2 - 14 - 7*a - 15*a**3 - 5 + 0*a. Let u(p) = 7*p**3 + 3*p**2 + 3*p + 9. Let b(f) = -13*u(f) - 6*z(f). Give b(3).
6
Suppose -i - n + 6 = 0, 4*i - 6*i = -n - 9. Suppose -15 = 3*p, -j + 3*p - i*p = 5. Let r(d) = d**2 - 6*d + 7. What is r(j)?
2
Let d(g) be the first derivative of -2*g**2 + 1/3*g**3 - 5 - 2*g. Calculate d(4).
-2
Let a(o) = -o**2 + 2*o + 4. Suppose -3*t - v + 14 = 0, -5*t - 4*v + 35 = 7. Determine a(t).
-4
Let m = -15 + 11. Let c(p) be the second derivative of p**3/2 + 5*p**2/2 - 2*p. Determine c(m).
-7
Let b(v) = -v**2 + 5*v - 1. Let d be b(2). Let x = d - 9. Let h(p) = -p - 4. Determine h(x).
0
Suppose -3*o + 5*o - 4 = 3*y, 0 = -3*y + 3*o - 9. Suppose -y*l + 12 = 6*p - 2*p, 2*p = 6. Let h(w) be the first derivative of w**2/2 - 3*w + 1. Calculate h(l).
-3
Let m = -18 - -23. Let q(y) be the second derivative of y**3/3 - 3*y**2/2 - 9*y. What is q(m)?
7
Let q(d) be the first derivative of d**4/4 + 2*d**3/3 - d**2 - 3*d - 2. Let x be q(-2). Let b(a) = x + 0 + 3*a**2 - 4*a**2. Determine b(0).
1
Let t(u) = 2*u**2 + 3*u. Let n = 11 - 7. Suppose 0 = b + n*b. Suppose 3*f + 11 = -4*h, b*h = 3*h + 4*f + 10. Determine t(h).
2
Let k = -1 + 1. Suppose -l = -k*l - 5. Let w(g) be the third derivative of g**5/60 - 5*g**4/24 + g**3/3 - 8*g**2. Determine w(l).
2
Let v be 0/((-2)/(-1)) - -2. Let z(u) = -2*u**v + 18 - 25 + u**2. Let r = 2 - 2. Give z(r).
-7
Let h(z) = 4*z**2 - 23*z + 5. Let b be h(5). Let n(u) = -u**3 - 10*u**2 - u - 4. What is n(b)?
6
Suppose 4*m + 16 = 2*m. Let g = -1 - m. Let w(v) = -v**3 + 6*v**2 + 8*v - 2. Give w(g).
5
Let k(v) = -2*v**2 + v + 3. Let n(z) = z**2 + 3*z. Let p(s) = -3*s**2 - 7*s + 1. Let l(g) = 7*n(g) + 3*p(g). Let j(o) = -2*k(o) + 3*l(o). Give j(-3).
-9
Let d(w) = -w - w + w + 0. Let g(f) = -f + 3. Let k be g(5). Calculate d(k).
2
Let w be (40/(-32))/((-2)/(-8)). Let q(y) be the first derivative of -y**3/6 - y**2 + y + 2. Let h(u) be the first derivative of q(u). Determine h(w).
3
Let t(c) be the third derivative of c**6/120 - c**5/12 + c**4/8 + 2*c**3/3 + c**2. Let v = 0 + 3. Determine t(v).
-5
Let o(q) = q. Let u(b) = -3*b + 9*b - 2*b. Suppose -3*f + 10 = -8*k + 3*k, 3*k = 3. Let t(z) = f*o(z) - u(z). Give t(2).
2
Let k(i) be the first derivative of -2*i**2 - 3*i + 42. Determine k(4).
-19
Let h(j) = 10*j - 9 + j**2 - 6*j + 7. Give h(-3).
-5
Let a(q) = -3*q**2 + q + 4. Let o(d) = -4*d**2 + 5. Let n(j) = -5*a(j) + 4*o(j). Let k be (-2)/11 - (-53)/(-11). Give n(k).
0
Let d(s) = -4*s**2 - 3*s**2 + 12*s**2 - 5 - 6*s**2. Determine d(5).
-30
Suppose n + 3*j = 2*n - 11, -j - 8 = 4*n. Let c(w) be the third derivative of -4*w**2 + 0 + 0*w + 0*w**3 + 1/24*w**4. Give c(n).
-1
Let m(j) = -3 - 12*j**2 + 1 + 21*j**2 - 8*j**2. Calculate m(3).
7
Let p(t) = t**3 + 12*t**2 + 10*t - 12. Let d be p(-11). Let k be (-8 + 8)/(-1 + d). Let v(j) = j**2. Let l(n) = n**2 - 1. Let g(c) = 5*l(c) - 6*v(c). Give g(k).
-5
Let c(d) = d + 4 + 7 - d**3 - 7*d**2 + 4 - 5. Determine c(-7).
3
Let s = -1 + -1. Let v be 1*5/(-2)*s. Let g(w) = -2*w**2 - 7*w - 2. Let o(c) = -2*c**2 - 6*c - 2. Let h(y) = v*o(y) - 4*g(y). Give h(-2).
-6
Suppose v = -0*v - 3*r - 15, 4*v - 5*r = 25. Let j(p) = v*p - 3 - 3*p + 7*p. Give j(2).
5
Let l be (-3)/2 - 49/14. Let y(u) = 3*u - 1. Let f(o) = -o. Let s(z) = 5*f(z) + 2*y(z). Determine s(l).
-7
Let g(o) = -o**2 - 7*o - 3. Let s be g(-5). Let i(a) = s*a - a**3 - 4*a**2 - 2*a - a - 1. Determine i(-5).
4
Let c(g) = -g - 19. Let a be (33/9)/(-1)*3. Calculate c(a).
-8
Let r(a) = -a**2 + 5*a + 6. Let d be (4/(-3))/(1/(-15)). Let p be (d/30)/(2/9). Suppose 2*x - 4*g = 24, g = -p*x - 3*g + 6. Calculate r(x).
0
Let d(n) be the first derivative of n**3/3 + 3*n**2 - n + 8. What is d(-6)?
-1
Let v(j) = -3*j - 2. Let u(k) = -k - 1. Let b(r) = -7*u(r) + 2*v(r). Let s = 4 + -2. Let m = -7 + s. What is b(m)?
-2
Let b(z) = 7*z**2 - z. Suppose 8 - 4 = 4*p. Determine b(p).
6
Let w(i) = -i**2 + 2*i - 1. Let r = 42 + -40. Calculate w(r).
-1
Let j(w) = 12*w**2 - 5 - w**2 - w**3 - 5*w**2 + 10*w. Determine j(7).
16
Let i(p) = p. Let f = -1 + 12. Suppose 7*s - 4*s - 3*y - 24 = 0, y = 2*s - f. Let o = s - 2. What is i(o)?
1
Let p(b) = b**2 - 9*b - 2. Let c(y) = -2*y**2 + 17*y + 3. Let g(f) = -6*c(f) - 11*p(f). What is g(3)?
4
Let t(j) = 1 + 4 + 7*j + 2*j**3 - 3*j**3 - 5*j**2 + 3. Calculate t(-6).
2
Let i(u) be the second derivative of -u**4/6 + 7*u**3/6 + 4*u**2 - 36*u. Calculate i(6).
-22
Let a(h) = h**2 + 3*h. Let l(f) = -f**3 + f**2 - f - 4. Let b be l(0). Give a(b).
4
Let r(v) = -v**2 - 7*v + 4. Let b(f) = -2*f + 1. Let g(p) = 14*b(p) - 4*r(p). Give g(2).
14
Let f(a) = a**2 + a - 2. Suppose 87 = 3*m + 30. Suppose 2*u - m = 5*t, -u = 3*t + t + 10. Give f(t).
4
Let f(b) = b**2 + 5. Suppose -3*w + 14 = 3*v - 7, v + 3 = w. Suppose 0 = -u - w*h - 17, 5*u - 2 = h + 3*h. Let n be (-2 - -1 - u) + -1. Give f(n).
5
Suppose 0 = -0*l - 2*l + 20. Suppose 3*c - 8*c + l = 0. Let n(a) = 2*a**2 - 2*a - 2. Give n(c).
2
Let m(p) = -1 + 10 + 5*p + 9*p**2 + p**3 - 4*p**3 - 2*p. Let h(k) = k**3 - 4*k**2 - 2*k - 4. Let x(w) = 5*h(w) + 2*m(w). Let d = -1 - 1. Calculate x(d).
6
Let h(i) be the third derivative of -i**6/120 + 7*i**5/60 - 3*i**4/8 + i**3 - 3*i**2. What is h(6)?
-12
Let n(h) = 4*h - 2. Let m(o) = 4*o + 2 - 3*o + 0*o. Suppose -2*p + p = 0. Let r be m(p). Calculate n(r).
6
Let w = 0 - 0. Let o(q) be the third derivative of q**5/120 - q**4/6 + q**3/6 - 2*q**2. Let k(c) be the first derivative of o(c). Give k(w).
-4
Let k = -10 - -15. Suppose 2*u - m - 5 = 0, k*m = 3*m + 10. Let g(b) = b**3 - 5*b**2 - 2*b + 5. Give g(u).
-5
Let r(o) = o - 1. Let l(h) = -h**3 - 3*h**2 + 5*h - 5. Let i(d) = -l(d) + 3*r(d). Suppose 0 = 2*v - 3*k + 16, -7*v - 36 = -3*v - 4*k. Let j = 8 + v. Give i(j).
8
Let z be (-3)/(-12) + 11/4. Suppose -7*r + z*r - 20 = 0. Let s(b) = 3*b - 19. Let l(x) = -2*x + 13. Let i(u) = 7*l(u) + 5*s(u). Give i(r).
-9
Let m(p) = -2*p**2 - p + 1. Let o be (1/3)/(13/39). Give m(o).
-2
Let u(a) = -a**3 + 10*a**2 + 8. Let d be u(10). Suppose -d*w - 23 = -4*w - 3*n, -17 = 3*w - 2*n. Let q(z) = z - 1. What is q(w)?
-6
Let o(a) = 15*a**2 - 12*a**2 - 2*a**3 + a**3 + 2*a**3 + 5. Calculate o(-4).
-11
Suppose 0 = 4*y - 4*f + 12, -3*f = -5*y - f. Let p(q) = 2*q**3 - 2*q**2 + q - 1. What is p(y)?
9
Suppose -5*n = -n. Suppose n = -0*o + 2*o. Let l(a) = a**3 - a**2 + a - 1. Calculate l(o).
-1
Let v be -1 + (-1 - -7 - 2). Suppose -l + 4 = -q, -2*l = -v*l - q - 2. Let y(b) = -3 - l + 5 + b**3. Determine y(-2).
-7
Let b(p) = 2*p**2 + 13*p + 3. Let y be b(-6). Let k(g) = -g**2 - 2*g + 2. Determine k(y).
-1
Let q(v) be the first derivative of v**2 + 3*v + 5. Let d = 9 - 15. Give q(d).
-9
Let d(u) = u**3 + 6*u**2 + 2*u - 4. Let i be (-5)/(-1)*((-2)/(-2))/(-1). What is d(i)?
11
Let g(k) = -k - 2. Let r(n) = n. Let j(y) = -g(y) + 2*r(y). Determine j(2).
8
Let z(a) = a + 10. Let w be z(-5). Let v(f) = 11*f**3 - 7*f**2 + 11*f - 3. Let l(q) = 7*q**3 - 5*q**2 + 7*q - 2. Let r(s) = 8*l(s) - 5*v(s). What is r(w)?
4
Suppose -4*q = 4*q - 24. Let h(y) be the second derivative of -1/2*y**2 - 1/6*y**3 + 0 + q*y. Determine h(4).
-5
Let p(h) = -3*h - 2. Let l(z) = -z**2 + 6*z + 10. Let j be l(7). Suppose 5*w - j*w - 3*b = -3, 2*w - 5*b + 1 = 0. Calculate p(w).
7
Let a(k) = -1. Let n(l) = -l + 3. Let c(p) = 4*p**2 - 2*p + 1. Let m be c(1). Let s(t) = m*a(t) + n(t). Calculate s(1).
-1
Let t(r) = r**2 + 7*r + 7. Let l(o) = -o**2 - 7*o - 7. Let d(g) = 3*l(g) + 4*t(g). Give d(-5).
-3
Let i(c) = 2*c - 9. Let y be i(7). Suppose 0*w = 3*w. Let o(u) = u**2 + 1 + w*u**2 + 1 - y*u. Calculate o(3).
-4
Let f(v) = 4*v**2 + 4*v + 2*v**3 + 2*v**3 - 5*v**3. Calculate f(5).
-5
Let v(l) be the first derivative of -l**4/4 + 2*l**3 - 2*l**2 - l - 2. Calculate v(5).
4
Let y(c) be the s